{"id":3848,"date":"2018-03-26T20:31:19","date_gmt":"2018-03-26T18:31:19","guid":{"rendered":"https:\/\/www.workman.se\/shop-event\/?page_id=3848"},"modified":"2018-06-08T12:09:35","modified_gmt":"2018-06-08T10:09:35","slug":"ncs-farger","status":"publish","type":"page","link":"https:\/\/www.workman.se\/shop-event\/ncs-farger\/","title":{"rendered":"NCS f\u00e4rger"},"content":{"rendered":"<table class=\"unshaded\" width=\"591\" cellspacing=\"0\" cellpadding=\"0\">\n<tbody>\n<tr>\n<td colspan=\"5\" align=\"left\" valign=\"top\" width=\"590\" height=\"40\">\n<h4 align=\"center\">H\u00e4r kan ni f\u00e5 lite Tips och inspiration p\u00e5 f\u00e4rger som ni kan v\u00e4lja till era Montrar!<\/h4>\n<\/td>\n<\/tr>\n<tr>\n<td align=\"center\" width=\"129\" height=\"79\">\n<p align=\"center\"><img loading=\"lazy\" decoding=\"async\" class=\"aligncenter\" src=\"https:\/\/www.workman.se\/shop-event\/wp-content\/uploads\/01Blue-NCS-2020-B10G.jpg\" alt=\"\" width=\"85\" height=\"52\" \/>NCS 2020-B10G<\/p>\n<\/td>\n<td align=\"center\" width=\"108\" height=\"79\">\n<p align=\"center\"><img loading=\"lazy\" decoding=\"async\" class=\"aligncenter\" src=\"https:\/\/www.workman.se\/shop-event\/wp-content\/uploads\/02Blue-NCS-3030-B.jpg\" alt=\"\" width=\"86\" height=\"52\" \/>NCS 3030-B<\/p>\n<\/td>\n<td align=\"center\" width=\"120\" height=\"79\">\n<p align=\"center\"><img loading=\"lazy\" decoding=\"async\" class=\"aligncenter\" src=\"https:\/\/www.workman.se\/shop-event\/wp-content\/uploads\/03Blue-NCS-3060-R90B.jpg\" alt=\"\" width=\"88\" height=\"56\" \/>NCS 3060-R90B<\/p>\n<\/td>\n<td align=\"center\" width=\"119\" height=\"79\">\n<p align=\"center\"><img loading=\"lazy\" decoding=\"async\" class=\"aligncenter\" src=\"https:\/\/www.workman.se\/shop-event\/wp-content\/uploads\/04Lila-NCS-S-3020-R50B.jpg\" alt=\"\" width=\"86\" height=\"53\" \/>NCS 3020-R50B<\/p>\n<\/td>\n<td align=\"center\" width=\"114\" height=\"79\">\n<p align=\"center\"><img loading=\"lazy\" decoding=\"async\" class=\"aligncenter\" src=\"https:\/\/www.workman.se\/shop-event\/wp-content\/uploads\/05Lila-NCS-S-4030-R50B.jpg\" alt=\"\" width=\"83\" height=\"56\" \/>NCS 4030-R50B<\/p>\n<\/td>\n<\/tr>\n<tr>\n<td align=\"center\" width=\"129\" height=\"79\">\n<p align=\"center\"><img loading=\"lazy\" decoding=\"async\" class=\"aligncenter\" src=\"https:\/\/www.workman.se\/shop-event\/wp-content\/uploads\/06Red-NCS-S-1085-Y80R.jpg\" alt=\"\" width=\"88\" height=\"56\" \/>NCS 1085-Y80R<\/p>\n<\/td>\n<td align=\"center\" width=\"108\" height=\"79\">\n<p align=\"center\"><img loading=\"lazy\" decoding=\"async\" class=\"aligncenter\" src=\"https:\/\/www.workman.se\/shop-event\/wp-content\/uploads\/07Red-NCS-S-2070-R.jpg\" alt=\"\" width=\"84\" height=\"52\" \/>NCS 2070-R<\/p>\n<\/td>\n<td align=\"center\" width=\"120\" height=\"79\">\n<p align=\"center\"><img loading=\"lazy\" decoding=\"async\" class=\"aligncenter\" src=\"https:\/\/www.workman.se\/shop-event\/wp-content\/uploads\/08Red-NCS-S-4050-R.jpg\" alt=\"\" width=\"83\" height=\"56\" \/>NCS 4050-R<\/p>\n<\/td>\n<td align=\"center\" width=\"119\" height=\"79\">\n<p align=\"center\"><img loading=\"lazy\" decoding=\"async\" class=\"aligncenter\" src=\"https:\/\/www.workman.se\/shop-event\/wp-content\/uploads\/09Teracotta-NCS-S-2040-Y60R.jpg\" alt=\"\" width=\"84\" height=\"53\" \/>NCS 2040-Y60R<\/p>\n<\/td>\n<td align=\"center\" width=\"114\" height=\"79\">\n<p align=\"center\"><img loading=\"lazy\" decoding=\"async\" class=\"aligncenter\" src=\"https:\/\/www.workman.se\/shop-event\/wp-content\/uploads\/10Orqange-NCS-S-1070-Y50R.jpg\" alt=\"\" width=\"82\" height=\"53\" \/>NCS 1070-Y50R<\/p>\n<\/td>\n<\/tr>\n<tr>\n<td align=\"center\" width=\"129\" height=\"79\">\n<p align=\"center\"><img loading=\"lazy\" decoding=\"async\" class=\"aligncenter\" src=\"https:\/\/www.workman.se\/shop-event\/wp-content\/uploads\/11Gul-NCS-S-0520-Y10R.jpg\" alt=\"\" width=\"83\" height=\"53\" \/>NCS 0520-Y10R<\/p>\n<\/td>\n<td align=\"center\" width=\"108\" height=\"79\">\n<p align=\"center\"><img loading=\"lazy\" decoding=\"async\" class=\"aligncenter\" src=\"https:\/\/www.workman.se\/shop-event\/wp-content\/uploads\/12Gul-NCS-S-0550-Y10R.jpg\" alt=\"\" width=\"84\" height=\"52\" \/>NCS 0550-Y10R<\/p>\n<\/td>\n<td align=\"center\" width=\"120\" height=\"79\">\n<p align=\"center\"><img loading=\"lazy\" decoding=\"async\" class=\"aligncenter\" src=\"https:\/\/www.workman.se\/shop-event\/wp-content\/uploads\/13Green-NCS-S-3020-G10Y.jpg\" alt=\"\" width=\"86\" height=\"52\" \/>NCS 3020-G10Y<\/p>\n<\/td>\n<td align=\"center\" width=\"119\" height=\"79\">\n<p align=\"center\"><img loading=\"lazy\" decoding=\"async\" class=\"aligncenter\" src=\"https:\/\/www.workman.se\/shop-event\/wp-content\/uploads\/14Green-NCS-S-5030-G10Y.jpg\" alt=\"\" width=\"85\" height=\"53\" \/>NCS 5030-G10Y<\/p>\n<\/td>\n<td align=\"center\" width=\"114\" height=\"79\">\n<p align=\"center\"><img loading=\"lazy\" decoding=\"async\" class=\"aligncenter\" src=\"https:\/\/www.workman.se\/shop-event\/wp-content\/uploads\/15Beige-NCS-S-2010-Y30R.jpg\" alt=\"\" width=\"85\" height=\"52\" \/>NCS 2010-Y30R<\/p>\n<\/td>\n<\/tr>\n<tr>\n<td align=\"center\" width=\"129\" height=\"79\">\n<p align=\"center\"><img loading=\"lazy\" decoding=\"async\" class=\"aligncenter\" src=\"https:\/\/www.workman.se\/shop-event\/wp-content\/uploads\/16Beige-NCS-S-2020-Y30R.jpg\" alt=\"\" width=\"88\" height=\"54\" \/>NCS 2020-Y30R<\/p>\n<\/td>\n<td align=\"center\" width=\"108\" height=\"79\">\n<p align=\"center\"><img loading=\"lazy\" decoding=\"async\" class=\"aligncenter\" src=\"https:\/\/www.workman.se\/shop-event\/wp-content\/uploads\/17Grey-NCS-S-2500-N.jpg\" alt=\"\" width=\"84\" height=\"53\" \/>NCS 2500-N<\/p>\n<\/td>\n<td align=\"center\" width=\"120\" height=\"79\">\n<p align=\"center\"><img loading=\"lazy\" decoding=\"async\" class=\"aligncenter\" src=\"https:\/\/www.workman.se\/shop-event\/wp-content\/uploads\/18Grey-NCS-S-4000-N.jpg\" alt=\"\" width=\"85\" height=\"50\" \/>NCS 4000-N<\/p>\n<\/td>\n<td align=\"center\" width=\"119\" height=\"79\">\n<p align=\"center\"><img loading=\"lazy\" decoding=\"async\" class=\"aligncenter\" src=\"https:\/\/www.workman.se\/shop-event\/wp-content\/uploads\/19Vit.jpg\" alt=\"\" width=\"84\" height=\"49\" \/>Vit<\/p>\n<\/td>\n<td align=\"center\" width=\"114\" height=\"79\">\n<p align=\"center\"><img loading=\"lazy\" decoding=\"async\" class=\"aligncenter\" src=\"https:\/\/www.workman.se\/shop-event\/wp-content\/uploads\/20-Svart.jpg\" alt=\"\" width=\"82\" height=\"48\" \/>Svart<\/p>\n<\/td>\n<\/tr>\n<tr>\n<td style=\"text-align: center;\" colspan=\"5\" align=\"center\" width=\"590\" height=\"79\">Vi kan inte garantera eller p\u00e5 n\u00e5got s\u00e4tt ansvara f\u00f6r f\u00e4rgernas korrekta f\u00e4rg\u00e5tergivelse.<br \/>\nF\u00e4rgerna kan av tekniska sk\u00e4l avvika fr\u00e5n NCS originalf\u00e4rger.<br \/>\nF\u00f6r att kontrollera NCS f\u00e4rgen s\u00e5 r\u00e5der vi er att bes\u00f6ka en f\u00e4rghandel eller liknande instans f\u00f6r att kontrollera ett exakt f\u00e4rgval.<\/td>\n<\/tr>\n<\/tbody>\n<\/table>\n","protected":false},"excerpt":{"rendered":"<p>H\u00e4r kan ni f\u00e5 lite Tips och inspiration p\u00e5 f\u00e4rger som ni kan v\u00e4lja till era Montrar! NCS 2020-B10G NCS 3030-B NCS 3060-R90B NCS 3020-R50B NCS 4030-R50B NCS 1085-Y80R NCS 2070-R NCS 4050-R NCS 2040-Y60R NCS 1070-Y50R NCS 0520-Y10R NCS 0550-Y10R NCS 3020-G10Y NCS 5030-G10Y NCS 2010-Y30R NCS 2020-Y30R NCS 2500-N NCS 4000-N Vit Svart [&hellip;]<\/p>\n","protected":false},"author":1,"featured_media":0,"parent":0,"menu_order":0,"comment_status":"closed","ping_status":"closed","template":"","meta":{"footnotes":""},"class_list":["post-3848","page","type-page","status-publish","hentry"],"_links":{"self":[{"href":"https:\/\/www.workman.se\/shop-event\/wp-json\/wp\/v2\/pages\/3848","targetHints":{"allow":["GET"]}}],"collection":[{"href":"https:\/\/www.workman.se\/shop-event\/wp-json\/wp\/v2\/pages"}],"about":[{"href":"https:\/\/www.workman.se\/shop-event\/wp-json\/wp\/v2\/types\/page"}],"author":[{"embeddable":true,"href":"https:\/\/www.workman.se\/shop-event\/wp-json\/wp\/v2\/users\/1"}],"replies":[{"embeddable":true,"href":"https:\/\/www.workman.se\/shop-event\/wp-json\/wp\/v2\/comments?post=3848"}],"version-history":[{"count":31,"href":"https:\/\/www.workman.se\/shop-event\/wp-json\/wp\/v2\/pages\/3848\/revisions"}],"predecessor-version":[{"id":4148,"href":"https:\/\/www.workman.se\/shop-event\/wp-json\/wp\/v2\/pages\/3848\/revisions\/4148"}],"wp:attachment":[{"href":"https:\/\/www.workman.se\/shop-event\/wp-json\/wp\/v2\/media?parent=3848"}],"curies":[{"name":"wp","href":"https:\/\/api.w.org\/{rel}","templated":true}]}}