{"id":10389,"date":"2025-02-19T15:25:28","date_gmt":"2025-02-19T14:25:28","guid":{"rendered":"https:\/\/www.workman.se\/shop-event\/?post_type=product&#038;p=10389"},"modified":"2025-09-16T13:00:24","modified_gmt":"2025-09-16T11:00:24","slug":"bardisk-vit-i-tva-nivaer-1st-hyllplan-pa-insidan-lxdxh-110x525x110cm","status":"publish","type":"product","link":"https:\/\/www.workman.se\/shop-event\/produkt\/bardisk-vit-i-tva-nivaer-1st-hyllplan-pa-insidan-lxdxh-110x525x110cm\/","title":{"rendered":"Bardisk Vit i tv\u00e5 niv\u00e5er, 1st hyllplan p\u00e5 insidan LxDxH 110&#215;52,5x110cm"},"content":{"rendered":"","protected":false},"excerpt":{"rendered":"","protected":false},"featured_media":10751,"template":"","meta":[],"product_brand":[],"product_cat":[1637],"product_tag":[],"class_list":{"0":"post-10389","1":"product","2":"type-product","3":"status-publish","4":"has-post-thumbnail","6":"product_cat-disk-tra","8":"first","9":"instock","10":"taxable","11":"shipping-taxable","12":"purchasable","13":"product-type-simple"},"_links":{"self":[{"href":"https:\/\/www.workman.se\/shop-event\/wp-json\/wp\/v2\/product\/10389","targetHints":{"allow":["GET"]}}],"collection":[{"href":"https:\/\/www.workman.se\/shop-event\/wp-json\/wp\/v2\/product"}],"about":[{"href":"https:\/\/www.workman.se\/shop-event\/wp-json\/wp\/v2\/types\/product"}],"wp:featuredmedia":[{"embeddable":true,"href":"https:\/\/www.workman.se\/shop-event\/wp-json\/wp\/v2\/media\/10751"}],"wp:attachment":[{"href":"https:\/\/www.workman.se\/shop-event\/wp-json\/wp\/v2\/media?parent=10389"}],"wp:term":[{"taxonomy":"product_brand","embeddable":true,"href":"https:\/\/www.workman.se\/shop-event\/wp-json\/wp\/v2\/product_brand?post=10389"},{"taxonomy":"product_cat","embeddable":true,"href":"https:\/\/www.workman.se\/shop-event\/wp-json\/wp\/v2\/product_cat?post=10389"},{"taxonomy":"product_tag","embeddable":true,"href":"https:\/\/www.workman.se\/shop-event\/wp-json\/wp\/v2\/product_tag?post=10389"}],"curies":[{"name":"wp","href":"https:\/\/api.w.org\/{rel}","templated":true}]}}