{"id":10708,"date":"2025-09-09T11:32:26","date_gmt":"2025-09-09T09:32:26","guid":{"rendered":"https:\/\/www.workman.se\/shop-event\/?post_type=product&#038;p=10708"},"modified":"2025-09-09T12:24:07","modified_gmt":"2025-09-09T10:24:07","slug":"spelaktiviteter","status":"publish","type":"product","link":"https:\/\/www.workman.se\/shop-event\/produkt\/spelaktiviteter\/","title":{"rendered":"Spelaktiviteter"},"content":{"rendered":"<p>Dessa spel\/aktiviteter finns att v\u00e4lja p\u00e5:<br \/>\nLyckohjul<br \/>\nNattduellen<br \/>\nLabyrintspel<br \/>\nBordscurling<br \/>\nGripklomaskin<br \/>\nPingis<br \/>\nKasta p\u00e5se i h\u00e5l<br \/>\nArkadspel<br \/>\nFuzzballspel<br \/>\nBasketkorg<\/p>\n<p><a href=\"https:\/\/www.workman.se\/shop-event\/wp-content\/uploads\/Spelaktiviteter_Info_Sv.pdf\" target=\"_blank\" rel=\"noopener\">Spelaktiviteter information<\/a><\/p>\n<p>Kontakta s\u00e4ljavdelningen f\u00f6r att best\u00e4lla <a href=\"mailto:sales@workman.se\">sales@workman.se<\/a><\/p>\n","protected":false},"excerpt":{"rendered":"<p><a href=\"https:\/\/www.workman.se\/shop-event\/wp-content\/uploads\/Spelaktiviteter_Info_Sv.pdf\" target=\"_blank\" rel=\"noopener\">Spelaktiviteter information<\/a><\/p>\n","protected":false},"featured_media":10730,"template":"","meta":[],"product_brand":[],"product_cat":[1836],"product_tag":[],"class_list":{"0":"post-10708","1":"product","2":"type-product","3":"status-publish","4":"has-post-thumbnail","6":"product_cat-ovriga-produkter","8":"first","9":"instock","10":"taxable","11":"shipping-taxable","12":"product-type-simple"},"_links":{"self":[{"href":"https:\/\/www.workman.se\/shop-event\/wp-json\/wp\/v2\/product\/10708","targetHints":{"allow":["GET"]}}],"collection":[{"href":"https:\/\/www.workman.se\/shop-event\/wp-json\/wp\/v2\/product"}],"about":[{"href":"https:\/\/www.workman.se\/shop-event\/wp-json\/wp\/v2\/types\/product"}],"wp:featuredmedia":[{"embeddable":true,"href":"https:\/\/www.workman.se\/shop-event\/wp-json\/wp\/v2\/media\/10730"}],"wp:attachment":[{"href":"https:\/\/www.workman.se\/shop-event\/wp-json\/wp\/v2\/media?parent=10708"}],"wp:term":[{"taxonomy":"product_brand","embeddable":true,"href":"https:\/\/www.workman.se\/shop-event\/wp-json\/wp\/v2\/product_brand?post=10708"},{"taxonomy":"product_cat","embeddable":true,"href":"https:\/\/www.workman.se\/shop-event\/wp-json\/wp\/v2\/product_cat?post=10708"},{"taxonomy":"product_tag","embeddable":true,"href":"https:\/\/www.workman.se\/shop-event\/wp-json\/wp\/v2\/product_tag?post=10708"}],"curies":[{"name":"wp","href":"https:\/\/api.w.org\/{rel}","templated":true}]}}