{"id":2985,"date":"2018-03-18T13:15:34","date_gmt":"2018-03-18T12:15:34","guid":{"rendered":"https:\/\/www.workman.se\/shop-event\/produkt\/fallbord-kromade-ben-traskiva-l120-cm-b80-cm-h74-cm\/"},"modified":"2024-06-04T09:41:09","modified_gmt":"2024-06-04T07:41:09","slug":"fallbord-morkgratt-stativ-och-skiva-lxbxh-122x76x74cm","status":"publish","type":"product","link":"https:\/\/www.workman.se\/shop-event\/produkt\/fallbord-morkgratt-stativ-och-skiva-lxbxh-122x76x74cm\/","title":{"rendered":"F\u00e4llbord m\u00f6rkgr\u00e5tt stativ och skiva LxBxH 122x76x74cm"},"content":{"rendered":"<p>Stabilt f\u00e4llbord med m\u00f6rkgr\u00e5tt stativ och skiva.<\/p>\n","protected":false},"excerpt":{"rendered":"<p>Stabilt f\u00e4llbord med m\u00f6rkgr\u00e5tt stativ och skiva.<\/p>\n","protected":false},"featured_media":10024,"template":"","meta":[],"product_brand":[],"product_cat":[1657],"product_tag":[],"class_list":{"0":"post-2985","1":"product","2":"type-product","3":"status-publish","4":"has-post-thumbnail","6":"product_cat-fallbord","8":"first","9":"instock","10":"taxable","11":"shipping-taxable","12":"purchasable","13":"product-type-simple"},"_links":{"self":[{"href":"https:\/\/www.workman.se\/shop-event\/wp-json\/wp\/v2\/product\/2985","targetHints":{"allow":["GET"]}}],"collection":[{"href":"https:\/\/www.workman.se\/shop-event\/wp-json\/wp\/v2\/product"}],"about":[{"href":"https:\/\/www.workman.se\/shop-event\/wp-json\/wp\/v2\/types\/product"}],"wp:featuredmedia":[{"embeddable":true,"href":"https:\/\/www.workman.se\/shop-event\/wp-json\/wp\/v2\/media\/10024"}],"wp:attachment":[{"href":"https:\/\/www.workman.se\/shop-event\/wp-json\/wp\/v2\/media?parent=2985"}],"wp:term":[{"taxonomy":"product_brand","embeddable":true,"href":"https:\/\/www.workman.se\/shop-event\/wp-json\/wp\/v2\/product_brand?post=2985"},{"taxonomy":"product_cat","embeddable":true,"href":"https:\/\/www.workman.se\/shop-event\/wp-json\/wp\/v2\/product_cat?post=2985"},{"taxonomy":"product_tag","embeddable":true,"href":"https:\/\/www.workman.se\/shop-event\/wp-json\/wp\/v2\/product_tag?post=2985"}],"curies":[{"name":"wp","href":"https:\/\/api.w.org\/{rel}","templated":true}]}}