{"id":3096,"date":"2018-03-18T13:16:19","date_gmt":"2018-03-18T12:16:19","guid":{"rendered":"https:\/\/www.workman.se\/shop-event\/produkt\/infodisk-c-h1025-cm-d50-cm-b1075-cm-ett-hyllplan-pa-baksidan\/"},"modified":"2018-06-18T18:13:03","modified_gmt":"2018-06-18T16:13:03","slug":"infodisk-c-h1025-cm-d50-cm-b1075-cm-ett-hyllplan-pa-baksidan","status":"publish","type":"product","link":"https:\/\/www.workman.se\/shop-event\/produkt\/infodisk-c-h1025-cm-d50-cm-b1075-cm-ett-hyllplan-pa-baksidan\/","title":{"rendered":"Infodisk C,  H=102,5 cm, D=50 cm, B=107,5 cm. Ett hyllplan p\u00e5 baksidan."},"content":{"rendered":"<p>F\u00f6rst\u00e4rkt kartong med kantlister, h\u00f6gblank yta. Ett hyllplan p\u00e5 baksidan.<\/p>\n","protected":false},"excerpt":{"rendered":"<p>F\u00f6rst\u00e4rkt kartong med kantlister, h\u00f6gblank yta. Ett hyllplan p\u00e5 baksidan.<\/p>\n","protected":false},"featured_media":322,"template":"","meta":[],"product_brand":[],"product_cat":[1635],"product_tag":[],"class_list":{"0":"post-3096","1":"product","2":"type-product","3":"status-publish","4":"has-post-thumbnail","6":"product_cat-disk-forstarkt-kartong","8":"first","9":"instock","10":"taxable","11":"shipping-taxable","12":"purchasable","13":"product-type-simple"},"_links":{"self":[{"href":"https:\/\/www.workman.se\/shop-event\/wp-json\/wp\/v2\/product\/3096","targetHints":{"allow":["GET"]}}],"collection":[{"href":"https:\/\/www.workman.se\/shop-event\/wp-json\/wp\/v2\/product"}],"about":[{"href":"https:\/\/www.workman.se\/shop-event\/wp-json\/wp\/v2\/types\/product"}],"wp:featuredmedia":[{"embeddable":true,"href":"https:\/\/www.workman.se\/shop-event\/wp-json\/wp\/v2\/media\/322"}],"wp:attachment":[{"href":"https:\/\/www.workman.se\/shop-event\/wp-json\/wp\/v2\/media?parent=3096"}],"wp:term":[{"taxonomy":"product_brand","embeddable":true,"href":"https:\/\/www.workman.se\/shop-event\/wp-json\/wp\/v2\/product_brand?post=3096"},{"taxonomy":"product_cat","embeddable":true,"href":"https:\/\/www.workman.se\/shop-event\/wp-json\/wp\/v2\/product_cat?post=3096"},{"taxonomy":"product_tag","embeddable":true,"href":"https:\/\/www.workman.se\/shop-event\/wp-json\/wp\/v2\/product_tag?post=3096"}],"curies":[{"name":"wp","href":"https:\/\/api.w.org\/{rel}","templated":true}]}}