{"id":3113,"date":"2018-03-18T13:16:29","date_gmt":"2018-03-18T12:16:29","guid":{"rendered":"https:\/\/www.workman.se\/shop-event\/produkt\/el-anslutning-10a-230v-friends-arena\/"},"modified":"2025-10-13T13:30:59","modified_gmt":"2025-10-13T11:30:59","slug":"el-anslutning-10a-230v-strawberry-arena","status":"publish","type":"product","link":"https:\/\/www.workman.se\/shop-event\/produkt\/el-anslutning-10a-230v-strawberry-arena\/","title":{"rendered":"El-anslutning  10A \/230V (Strawberry Arena)"},"content":{"rendered":"<p>Inkl. golvuttag (3-v\u00e4gs). OBS! Detta \u00e4r endast f\u00f6r Strawberry Arena.<\/p>\n","protected":false},"excerpt":{"rendered":"<p>Inkl. golvuttag (3-v\u00e4gs). OBS! Detta \u00e4r endast f\u00f6r Strawberry Arena.<\/p>\n","protected":false},"featured_media":378,"template":"","meta":[],"product_brand":[],"product_cat":[1681],"product_tag":[],"class_list":{"0":"post-3113","1":"product","2":"type-product","3":"status-publish","4":"has-post-thumbnail","6":"product_cat-el-strawberry-arena","8":"first","9":"instock","10":"taxable","11":"shipping-taxable","12":"purchasable","13":"product-type-simple"},"_links":{"self":[{"href":"https:\/\/www.workman.se\/shop-event\/wp-json\/wp\/v2\/product\/3113","targetHints":{"allow":["GET"]}}],"collection":[{"href":"https:\/\/www.workman.se\/shop-event\/wp-json\/wp\/v2\/product"}],"about":[{"href":"https:\/\/www.workman.se\/shop-event\/wp-json\/wp\/v2\/types\/product"}],"wp:featuredmedia":[{"embeddable":true,"href":"https:\/\/www.workman.se\/shop-event\/wp-json\/wp\/v2\/media\/378"}],"wp:attachment":[{"href":"https:\/\/www.workman.se\/shop-event\/wp-json\/wp\/v2\/media?parent=3113"}],"wp:term":[{"taxonomy":"product_brand","embeddable":true,"href":"https:\/\/www.workman.se\/shop-event\/wp-json\/wp\/v2\/product_brand?post=3113"},{"taxonomy":"product_cat","embeddable":true,"href":"https:\/\/www.workman.se\/shop-event\/wp-json\/wp\/v2\/product_cat?post=3113"},{"taxonomy":"product_tag","embeddable":true,"href":"https:\/\/www.workman.se\/shop-event\/wp-json\/wp\/v2\/product_tag?post=3113"}],"curies":[{"name":"wp","href":"https:\/\/api.w.org\/{rel}","templated":true}]}}