{"id":3140,"date":"2018-03-18T13:16:38","date_gmt":"2018-03-18T12:16:38","guid":{"rendered":"https:\/\/www.workman.se\/shop-event\/produkt\/konfektionsstallning-for-ca-50-personer\/"},"modified":"2018-03-19T13:39:11","modified_gmt":"2018-03-19T12:39:11","slug":"konfektionsstallning-for-ca-50-personer","status":"publish","type":"product","link":"https:\/\/www.workman.se\/shop-event\/produkt\/konfektionsstallning-for-ca-50-personer\/","title":{"rendered":"Konfektionsst\u00e4llning f\u00f6r ca. 50 personer"},"content":{"rendered":"<p>Konfektionsst\u00e4llning f\u00f6r ca. 50 personer<\/p>\n","protected":false},"excerpt":{"rendered":"<p>Konfektionsst\u00e4llning f\u00f6r ca. 50 personer<\/p>\n","protected":false},"featured_media":420,"template":"","meta":[],"product_brand":[],"product_cat":[1703],"product_tag":[],"class_list":{"0":"post-3140","1":"product","2":"type-product","3":"status-publish","4":"has-post-thumbnail","6":"product_cat-golv-hangare","8":"first","9":"instock","10":"taxable","11":"shipping-taxable","12":"purchasable","13":"product-type-simple"},"_links":{"self":[{"href":"https:\/\/www.workman.se\/shop-event\/wp-json\/wp\/v2\/product\/3140","targetHints":{"allow":["GET"]}}],"collection":[{"href":"https:\/\/www.workman.se\/shop-event\/wp-json\/wp\/v2\/product"}],"about":[{"href":"https:\/\/www.workman.se\/shop-event\/wp-json\/wp\/v2\/types\/product"}],"wp:featuredmedia":[{"embeddable":true,"href":"https:\/\/www.workman.se\/shop-event\/wp-json\/wp\/v2\/media\/420"}],"wp:attachment":[{"href":"https:\/\/www.workman.se\/shop-event\/wp-json\/wp\/v2\/media?parent=3140"}],"wp:term":[{"taxonomy":"product_brand","embeddable":true,"href":"https:\/\/www.workman.se\/shop-event\/wp-json\/wp\/v2\/product_brand?post=3140"},{"taxonomy":"product_cat","embeddable":true,"href":"https:\/\/www.workman.se\/shop-event\/wp-json\/wp\/v2\/product_cat?post=3140"},{"taxonomy":"product_tag","embeddable":true,"href":"https:\/\/www.workman.se\/shop-event\/wp-json\/wp\/v2\/product_tag?post=3140"}],"curies":[{"name":"wp","href":"https:\/\/api.w.org\/{rel}","templated":true}]}}