{"id":3153,"date":"2018-03-18T13:16:46","date_gmt":"2018-03-18T12:16:46","guid":{"rendered":"https:\/\/www.workman.se\/shop-event\/produkt\/kylskap-h85-cm-b55-cm-d61-cm\/"},"modified":"2018-03-18T13:16:46","modified_gmt":"2018-03-18T12:16:46","slug":"kylskap-h85-cm-b55-cm-d61-cm","status":"publish","type":"product","link":"https:\/\/www.workman.se\/shop-event\/produkt\/kylskap-h85-cm-b55-cm-d61-cm\/","title":{"rendered":"Kylsk\u00e5p H=85 cm B=55 cm D=61 cm"},"content":{"rendered":"<p>OBS! Gl\u00f6m inte best\u00e4lla nattstr\u00f6m om varor ska kylas \u00f6ver natt.<\/p>\n","protected":false},"excerpt":{"rendered":"<p>OBS! Gl\u00f6m inte best\u00e4lla nattstr\u00f6m om varor ska kylas \u00f6ver natt.<\/p>\n","protected":false},"featured_media":446,"template":"","meta":[],"product_brand":[],"product_cat":[1814],"product_tag":[],"class_list":{"0":"post-3153","1":"product","2":"type-product","3":"status-publish","4":"has-post-thumbnail","6":"product_cat-kylskap","8":"first","9":"instock","10":"taxable","11":"shipping-taxable","12":"purchasable","13":"product-type-simple"},"_links":{"self":[{"href":"https:\/\/www.workman.se\/shop-event\/wp-json\/wp\/v2\/product\/3153","targetHints":{"allow":["GET"]}}],"collection":[{"href":"https:\/\/www.workman.se\/shop-event\/wp-json\/wp\/v2\/product"}],"about":[{"href":"https:\/\/www.workman.se\/shop-event\/wp-json\/wp\/v2\/types\/product"}],"wp:featuredmedia":[{"embeddable":true,"href":"https:\/\/www.workman.se\/shop-event\/wp-json\/wp\/v2\/media\/446"}],"wp:attachment":[{"href":"https:\/\/www.workman.se\/shop-event\/wp-json\/wp\/v2\/media?parent=3153"}],"wp:term":[{"taxonomy":"product_brand","embeddable":true,"href":"https:\/\/www.workman.se\/shop-event\/wp-json\/wp\/v2\/product_brand?post=3153"},{"taxonomy":"product_cat","embeddable":true,"href":"https:\/\/www.workman.se\/shop-event\/wp-json\/wp\/v2\/product_cat?post=3153"},{"taxonomy":"product_tag","embeddable":true,"href":"https:\/\/www.workman.se\/shop-event\/wp-json\/wp\/v2\/product_tag?post=3153"}],"curies":[{"name":"wp","href":"https:\/\/api.w.org\/{rel}","templated":true}]}}