{"id":3167,"date":"2018-03-18T13:16:53","date_gmt":"2018-03-18T12:16:53","guid":{"rendered":"https:\/\/www.workman.se\/shop-event\/produkt\/ljudanlaggning-500-personer\/"},"modified":"2018-03-19T13:48:57","modified_gmt":"2018-03-19T12:48:57","slug":"ljudanlaggning-500-personer","status":"publish","type":"product","link":"https:\/\/www.workman.se\/shop-event\/produkt\/ljudanlaggning-500-personer\/","title":{"rendered":"Ljudanl\u00e4ggning &#8211; 500 personer"},"content":{"rendered":"<p>OBS! Bilden \u00e4r inte verklig anl\u00e4ggning endast en symbolisk bild.<\/p>\n","protected":false},"excerpt":{"rendered":"<p>OBS! Bilden \u00e4r inte verklig anl\u00e4ggning endast en symbolisk bild.<\/p>\n","protected":false},"featured_media":478,"template":"","meta":[],"product_brand":[],"product_cat":[1729],"product_tag":[],"class_list":{"0":"post-3167","1":"product","2":"type-product","3":"status-publish","4":"has-post-thumbnail","6":"product_cat-ljud","8":"first","9":"instock","10":"taxable","11":"shipping-taxable","12":"purchasable","13":"product-type-simple"},"_links":{"self":[{"href":"https:\/\/www.workman.se\/shop-event\/wp-json\/wp\/v2\/product\/3167","targetHints":{"allow":["GET"]}}],"collection":[{"href":"https:\/\/www.workman.se\/shop-event\/wp-json\/wp\/v2\/product"}],"about":[{"href":"https:\/\/www.workman.se\/shop-event\/wp-json\/wp\/v2\/types\/product"}],"wp:featuredmedia":[{"embeddable":true,"href":"https:\/\/www.workman.se\/shop-event\/wp-json\/wp\/v2\/media\/478"}],"wp:attachment":[{"href":"https:\/\/www.workman.se\/shop-event\/wp-json\/wp\/v2\/media?parent=3167"}],"wp:term":[{"taxonomy":"product_brand","embeddable":true,"href":"https:\/\/www.workman.se\/shop-event\/wp-json\/wp\/v2\/product_brand?post=3167"},{"taxonomy":"product_cat","embeddable":true,"href":"https:\/\/www.workman.se\/shop-event\/wp-json\/wp\/v2\/product_cat?post=3167"},{"taxonomy":"product_tag","embeddable":true,"href":"https:\/\/www.workman.se\/shop-event\/wp-json\/wp\/v2\/product_tag?post=3167"}],"curies":[{"name":"wp","href":"https:\/\/api.w.org\/{rel}","templated":true}]}}