{"id":3175,"date":"2018-03-18T13:16:53","date_gmt":"2018-03-18T12:16:53","guid":{"rendered":"https:\/\/www.workman.se\/shop-event\/produkt\/extra-hogtalare-lampligt-for-en-dator-35mm-ljudingang\/"},"modified":"2018-03-19T13:50:55","modified_gmt":"2018-03-19T12:50:55","slug":"extra-hogtalare-lampligt-for-en-dator-35mm-ljudingang","status":"publish","type":"product","link":"https:\/\/www.workman.se\/shop-event\/produkt\/extra-hogtalare-lampligt-for-en-dator-35mm-ljudingang\/","title":{"rendered":"Extra h\u00f6gtalare l\u00e4mpligt f\u00f6r en dator, 3,5mm ljuding\u00e5ng."},"content":{"rendered":"","protected":false},"excerpt":{"rendered":"","protected":false},"featured_media":498,"template":"","meta":[],"product_brand":[],"product_cat":[1729],"product_tag":[],"class_list":{"0":"post-3175","1":"product","2":"type-product","3":"status-publish","4":"has-post-thumbnail","6":"product_cat-ljud","8":"first","9":"instock","10":"taxable","11":"shipping-taxable","12":"purchasable","13":"product-type-simple"},"_links":{"self":[{"href":"https:\/\/www.workman.se\/shop-event\/wp-json\/wp\/v2\/product\/3175","targetHints":{"allow":["GET"]}}],"collection":[{"href":"https:\/\/www.workman.se\/shop-event\/wp-json\/wp\/v2\/product"}],"about":[{"href":"https:\/\/www.workman.se\/shop-event\/wp-json\/wp\/v2\/types\/product"}],"wp:featuredmedia":[{"embeddable":true,"href":"https:\/\/www.workman.se\/shop-event\/wp-json\/wp\/v2\/media\/498"}],"wp:attachment":[{"href":"https:\/\/www.workman.se\/shop-event\/wp-json\/wp\/v2\/media?parent=3175"}],"wp:term":[{"taxonomy":"product_brand","embeddable":true,"href":"https:\/\/www.workman.se\/shop-event\/wp-json\/wp\/v2\/product_brand?post=3175"},{"taxonomy":"product_cat","embeddable":true,"href":"https:\/\/www.workman.se\/shop-event\/wp-json\/wp\/v2\/product_cat?post=3175"},{"taxonomy":"product_tag","embeddable":true,"href":"https:\/\/www.workman.se\/shop-event\/wp-json\/wp\/v2\/product_tag?post=3175"}],"curies":[{"name":"wp","href":"https:\/\/api.w.org\/{rel}","templated":true}]}}