{"id":7745,"date":"2022-11-18T15:17:51","date_gmt":"2022-11-18T14:17:51","guid":{"rendered":"https:\/\/www.workman.se\/shop-event\/?post_type=product&#038;p=7745"},"modified":"2025-10-13T13:37:58","modified_gmt":"2025-10-13T11:37:58","slug":"truckservice-strawberry-langpall-per-st-lossning","status":"publish","type":"product","link":"https:\/\/www.workman.se\/shop-event\/produkt\/truckservice-strawberry-langpall-per-st-lossning\/","title":{"rendered":"Truckservice, STRAWBERRY, l\u00e5ngpall per st (lossning)"},"content":{"rendered":"<p>Truckk\u00f6rning per L\u00e5ngpall<\/p>\n","protected":false},"excerpt":{"rendered":"<p>Truckk\u00f6rning per L\u00e5ngpall<\/p>\n","protected":false},"featured_media":700,"template":"","meta":[],"product_brand":[],"product_cat":[1882],"product_tag":[],"class_list":{"0":"post-7745","1":"product","2":"type-product","3":"status-publish","4":"has-post-thumbnail","6":"product_cat-truck-strawberry","8":"first","9":"instock","10":"taxable","11":"shipping-taxable","12":"purchasable","13":"product-type-simple"},"_links":{"self":[{"href":"https:\/\/www.workman.se\/shop-event\/wp-json\/wp\/v2\/product\/7745","targetHints":{"allow":["GET"]}}],"collection":[{"href":"https:\/\/www.workman.se\/shop-event\/wp-json\/wp\/v2\/product"}],"about":[{"href":"https:\/\/www.workman.se\/shop-event\/wp-json\/wp\/v2\/types\/product"}],"wp:featuredmedia":[{"embeddable":true,"href":"https:\/\/www.workman.se\/shop-event\/wp-json\/wp\/v2\/media\/700"}],"wp:attachment":[{"href":"https:\/\/www.workman.se\/shop-event\/wp-json\/wp\/v2\/media?parent=7745"}],"wp:term":[{"taxonomy":"product_brand","embeddable":true,"href":"https:\/\/www.workman.se\/shop-event\/wp-json\/wp\/v2\/product_brand?post=7745"},{"taxonomy":"product_cat","embeddable":true,"href":"https:\/\/www.workman.se\/shop-event\/wp-json\/wp\/v2\/product_cat?post=7745"},{"taxonomy":"product_tag","embeddable":true,"href":"https:\/\/www.workman.se\/shop-event\/wp-json\/wp\/v2\/product_tag?post=7745"}],"curies":[{"name":"wp","href":"https:\/\/api.w.org\/{rel}","templated":true}]}}