{"id":9622,"date":"2024-03-06T09:59:15","date_gmt":"2024-03-06T08:59:15","guid":{"rendered":"https:\/\/www.workman.se\/shop-event\/?post_type=product&#038;p=9622"},"modified":"2024-03-06T10:05:38","modified_gmt":"2024-03-06T09:05:38","slug":"fatolj-ruta-tyg-med-slat-yttersida-sand-beige-sh-45cm","status":"publish","type":"product","link":"https:\/\/www.workman.se\/shop-event\/produkt\/fatolj-ruta-tyg-med-slat-yttersida-sand-beige-sh-45cm\/","title":{"rendered":"F\u00e5t\u00f6lj Ruta. Tyg med sl\u00e4t yttersida, sand\/beige SH 45cm"},"content":{"rendered":"","protected":false},"excerpt":{"rendered":"","protected":false},"featured_media":9712,"template":"","meta":[],"product_brand":[],"product_cat":[1772],"product_tag":[],"class_list":{"0":"post-9622","1":"product","2":"type-product","3":"status-publish","4":"has-post-thumbnail","6":"product_cat-fatoljer","8":"first","9":"instock","10":"taxable","11":"shipping-taxable","12":"purchasable","13":"product-type-simple"},"_links":{"self":[{"href":"https:\/\/www.workman.se\/shop-event\/wp-json\/wp\/v2\/product\/9622","targetHints":{"allow":["GET"]}}],"collection":[{"href":"https:\/\/www.workman.se\/shop-event\/wp-json\/wp\/v2\/product"}],"about":[{"href":"https:\/\/www.workman.se\/shop-event\/wp-json\/wp\/v2\/types\/product"}],"wp:featuredmedia":[{"embeddable":true,"href":"https:\/\/www.workman.se\/shop-event\/wp-json\/wp\/v2\/media\/9712"}],"wp:attachment":[{"href":"https:\/\/www.workman.se\/shop-event\/wp-json\/wp\/v2\/media?parent=9622"}],"wp:term":[{"taxonomy":"product_brand","embeddable":true,"href":"https:\/\/www.workman.se\/shop-event\/wp-json\/wp\/v2\/product_brand?post=9622"},{"taxonomy":"product_cat","embeddable":true,"href":"https:\/\/www.workman.se\/shop-event\/wp-json\/wp\/v2\/product_cat?post=9622"},{"taxonomy":"product_tag","embeddable":true,"href":"https:\/\/www.workman.se\/shop-event\/wp-json\/wp\/v2\/product_tag?post=9622"}],"curies":[{"name":"wp","href":"https:\/\/api.w.org\/{rel}","templated":true}]}}