{"id":4074,"date":"2018-06-04T10:50:19","date_gmt":"2018-06-04T08:50:19","guid":{"rendered":"https:\/\/www.workman.se\/shop-west\/?page_id=4074"},"modified":"2021-10-11T13:45:24","modified_gmt":"2021-10-11T11:45:24","slug":"monterritning","status":"publish","type":"page","link":"https:\/\/www.workman.se\/shop-west\/monterritning\/","title":{"rendered":"Monterritning"},"content":{"rendered":"<p>N\u00e4r du best\u00e4ller en produkt som kr\u00e4ver ritning t.ex. Tross\/Vajer, VVS, Tryckluft. S\u00e5 beh\u00f6ver du bifoga en ritning tillsammans med din order. Det g\u00e5r bra att skriva ut och fylla i skissbladet f\u00f6r hand och sedan scanna in resultatet.<\/p>\n<p>Bifoga sedan denna ritning eller din egen ritning. (Max filstorlek 20MB)<\/p>\n<p><a href=\"https:\/\/www.workman.se\/shop-west\/wp-content\/uploads\/Monterritning-goteborg.pdf\">Skissblad f\u00f6r monterritning<\/a><\/p>\n","protected":false},"excerpt":{"rendered":"<p>N\u00e4r du best\u00e4ller en produkt som kr\u00e4ver ritning t.ex. Tross\/Vajer, VVS, Tryckluft. S\u00e5 beh\u00f6ver du bifoga en ritning tillsammans med din order. Det g\u00e5r bra att skriva ut och fylla i skissbladet f\u00f6r hand och sedan scanna in resultatet. Bifoga sedan denna ritning eller din egen ritning. (Max filstorlek 20MB) Skissblad f\u00f6r monterritning<\/p>\n","protected":false},"author":1,"featured_media":0,"parent":0,"menu_order":0,"comment_status":"closed","ping_status":"closed","template":"","meta":{"footnotes":""},"class_list":["post-4074","page","type-page","status-publish","hentry"],"_links":{"self":[{"href":"https:\/\/www.workman.se\/shop-west\/wp-json\/wp\/v2\/pages\/4074","targetHints":{"allow":["GET"]}}],"collection":[{"href":"https:\/\/www.workman.se\/shop-west\/wp-json\/wp\/v2\/pages"}],"about":[{"href":"https:\/\/www.workman.se\/shop-west\/wp-json\/wp\/v2\/types\/page"}],"author":[{"embeddable":true,"href":"https:\/\/www.workman.se\/shop-west\/wp-json\/wp\/v2\/users\/1"}],"replies":[{"embeddable":true,"href":"https:\/\/www.workman.se\/shop-west\/wp-json\/wp\/v2\/comments?post=4074"}],"version-history":[{"count":12,"href":"https:\/\/www.workman.se\/shop-west\/wp-json\/wp\/v2\/pages\/4074\/revisions"}],"predecessor-version":[{"id":5800,"href":"https:\/\/www.workman.se\/shop-west\/wp-json\/wp\/v2\/pages\/4074\/revisions\/5800"}],"wp:attachment":[{"href":"https:\/\/www.workman.se\/shop-west\/wp-json\/wp\/v2\/media?parent=4074"}],"curies":[{"name":"wp","href":"https:\/\/api.w.org\/{rel}","templated":true}]}}