{"id":3075,"date":"2018-03-18T13:16:09","date_gmt":"2018-03-18T12:16:09","guid":{"rendered":"https:\/\/www.workman.se\/shop-west\/produkt\/skylthallare-smide-svart-skylt-monteras-pa-hallaren-skylt-bild-kapaskiva-ingar-ej\/"},"modified":"2018-03-18T13:16:09","modified_gmt":"2018-03-18T12:16:09","slug":"skylthallare-smide-svart-skylt-monteras-pa-hallaren-skylt-bild-kapaskiva-ingar-ej","status":"publish","type":"product","link":"https:\/\/www.workman.se\/shop-west\/produkt\/skylthallare-smide-svart-skylt-monteras-pa-hallaren-skylt-bild-kapaskiva-ingar-ej\/","title":{"rendered":"Skylth\u00e5llare smide, svart.  Skylt monteras p\u00e5 h\u00e5llaren. Skylt\/bild + kapaskiva ing\u00e5r ej."},"content":{"rendered":"<p>Ovanp\u00e5 Skylth\u00e5llaren monteras kapaskiva med skylt, l\u00e4mpligt format upp till: 70 cm x 120 cm (Affischformat). TIPS! Skylten f\u00e4stes med kardborreband p\u00e5 skylth\u00e5llaren och medger d\u00e4rf\u00f6r extremt enkelt skyltbyte, l\u00e4tt att variera skylt\/budskap\/bild.<\/p>\n","protected":false},"excerpt":{"rendered":"<p>Ovanp\u00e5 Skylth\u00e5llaren monteras kapaskiva med skylt, l\u00e4mpligt format upp till: 70 cm x 120 cm (Affischformat). TIPS! Skylten f\u00e4stes med kardborreband p\u00e5 skylth\u00e5llaren och medger d\u00e4rf\u00f6r extremt enkelt skyltbyte, l\u00e4tt att variera skylt\/budskap\/bild.<\/p>\n","protected":false},"featured_media":248,"template":"","meta":[],"product_brand":[],"product_cat":[1669],"product_tag":[],"class_list":{"0":"post-3075","1":"product","2":"type-product","3":"status-publish","4":"has-post-thumbnail","6":"product_cat-golv","8":"first","9":"instock","10":"taxable","11":"shipping-taxable","12":"purchasable","13":"product-type-simple"},"_links":{"self":[{"href":"https:\/\/www.workman.se\/shop-west\/wp-json\/wp\/v2\/product\/3075","targetHints":{"allow":["GET"]}}],"collection":[{"href":"https:\/\/www.workman.se\/shop-west\/wp-json\/wp\/v2\/product"}],"about":[{"href":"https:\/\/www.workman.se\/shop-west\/wp-json\/wp\/v2\/types\/product"}],"wp:featuredmedia":[{"embeddable":true,"href":"https:\/\/www.workman.se\/shop-west\/wp-json\/wp\/v2\/media\/248"}],"wp:attachment":[{"href":"https:\/\/www.workman.se\/shop-west\/wp-json\/wp\/v2\/media?parent=3075"}],"wp:term":[{"taxonomy":"product_brand","embeddable":true,"href":"https:\/\/www.workman.se\/shop-west\/wp-json\/wp\/v2\/product_brand?post=3075"},{"taxonomy":"product_cat","embeddable":true,"href":"https:\/\/www.workman.se\/shop-west\/wp-json\/wp\/v2\/product_cat?post=3075"},{"taxonomy":"product_tag","embeddable":true,"href":"https:\/\/www.workman.se\/shop-west\/wp-json\/wp\/v2\/product_tag?post=3075"}],"curies":[{"name":"wp","href":"https:\/\/api.w.org\/{rel}","templated":true}]}}