{"id":3104,"date":"2018-03-18T13:16:29","date_gmt":"2018-03-18T12:16:29","guid":{"rendered":"https:\/\/www.workman.se\/shop-west\/produkt\/rundad-svangd-disk-svart-ett-oppet-hyllplan-pa-mitten-pa-insidan-d30-cm-b210-cm-h100-cm\/"},"modified":"2024-11-05T15:05:14","modified_gmt":"2024-11-05T14:05:14","slug":"rundad-svangd-disk-svart-ett-oppet-hyllplan-pa-mitten-pa-insidan-d30-cm-b210-cm-h100-cm","status":"publish","type":"product","link":"https:\/\/www.workman.se\/shop-west\/produkt\/rundad-svangd-disk-svart-ett-oppet-hyllplan-pa-mitten-pa-insidan-d30-cm-b210-cm-h100-cm\/","title":{"rendered":"Rundad sv\u00e4ngd disk &#8211; SVART. Ett \u00f6ppet hyllplan p\u00e5 mitten p\u00e5 insidan.  D=30 cm B=210 cm H=100 cm"},"content":{"rendered":"<p>En sv\u00e4ngd disk ger extra liv \u00e5t montern. Man kan med f\u00f6rdel st\u00e4lla ihop tv\u00e5 eller fler diskar. F\u00f6r bild p\u00e5 insida med hylla, se bild (vit modell): 1518.<br \/>\nM\u00e5tt p\u00e5 framsida f\u00f6r tryck: BxH 2360&#215;880 mm<\/p>\n","protected":false},"excerpt":{"rendered":"<p>En sv\u00e4ngd disk ger extra liv \u00e5t montern. Man kan med f\u00f6rdel st\u00e4lla ihop tv\u00e5 eller fler diskar. F\u00f6r bild p\u00e5 insida med hylla, se bild (vit modell): 1518. M\u00e5tt p\u00e5 framsida f\u00f6r tryck: BxH 2360&#215;880 mm<\/p>\n","protected":false},"featured_media":358,"template":"","meta":[],"product_brand":[],"product_cat":[1637],"product_tag":[],"class_list":{"0":"post-3104","1":"product","2":"type-product","3":"status-publish","4":"has-post-thumbnail","6":"product_cat-disk-tra","8":"first","9":"instock","10":"taxable","11":"shipping-taxable","12":"purchasable","13":"product-type-simple"},"_links":{"self":[{"href":"https:\/\/www.workman.se\/shop-west\/wp-json\/wp\/v2\/product\/3104","targetHints":{"allow":["GET"]}}],"collection":[{"href":"https:\/\/www.workman.se\/shop-west\/wp-json\/wp\/v2\/product"}],"about":[{"href":"https:\/\/www.workman.se\/shop-west\/wp-json\/wp\/v2\/types\/product"}],"wp:featuredmedia":[{"embeddable":true,"href":"https:\/\/www.workman.se\/shop-west\/wp-json\/wp\/v2\/media\/358"}],"wp:attachment":[{"href":"https:\/\/www.workman.se\/shop-west\/wp-json\/wp\/v2\/media?parent=3104"}],"wp:term":[{"taxonomy":"product_brand","embeddable":true,"href":"https:\/\/www.workman.se\/shop-west\/wp-json\/wp\/v2\/product_brand?post=3104"},{"taxonomy":"product_cat","embeddable":true,"href":"https:\/\/www.workman.se\/shop-west\/wp-json\/wp\/v2\/product_cat?post=3104"},{"taxonomy":"product_tag","embeddable":true,"href":"https:\/\/www.workman.se\/shop-west\/wp-json\/wp\/v2\/product_tag?post=3104"}],"curies":[{"name":"wp","href":"https:\/\/api.w.org\/{rel}","templated":true}]}}