{"id":3159,"date":"2018-03-18T13:16:46","date_gmt":"2018-03-18T12:16:46","guid":{"rendered":"https:\/\/www.workman.se\/shop-west\/produkt\/dataskarm-led-42-tum-bildingang-hdmi-sladd-ingar\/"},"modified":"2018-06-21T13:40:10","modified_gmt":"2018-06-21T11:40:10","slug":"dataskarm-led-42-tum-bildingang-hdmi-sladd-ingar","status":"publish","type":"product","link":"https:\/\/www.workman.se\/shop-west\/produkt\/dataskarm-led-42-tum-bildingang-hdmi-sladd-ingar\/","title":{"rendered":"<b>Datask\u00e4rm LED 42 tum<\/b> Bilding\u00e5ng: HDMI (sladd ing\u00e5r)"},"content":{"rendered":"<p>V\u00e4ggf\u00e4ste ing\u00e5r &#8211; kontakta oss f\u00f6re montering! Finns \u00e4ven USB ing\u00e5ng. OBS! T\u00e4nk p\u00e5 att en TV inte klarar av att spela upp PowerPoint presentationer fr\u00e5n USB, utan m\u00e5ste styras fr\u00e5n en dator via HDMI-sladden. Om man \u00f6nskar spela upp en film fr\u00e5n USB skall det vara MP4-format. Om man vill visa bilder fr\u00e5n USB skall det vara .jpeg bilder och i RGB-f\u00e4rger, ej CMYK.<\/p>\n","protected":false},"excerpt":{"rendered":"<p><a href=\"https:\/\/www.workman.se\/shop-west\/wp-content\/uploads\/Bildskarm-42-55-65.pdf\" target=\"_blank\" rel=\"noopener\">Informationsblad<\/a><\/p>\n","protected":false},"featured_media":464,"template":"","meta":[],"product_brand":[],"product_cat":[1723],"product_tag":[],"class_list":{"0":"post-3159","1":"product","2":"type-product","3":"status-publish","4":"has-post-thumbnail","6":"product_cat-bild-skarmar","8":"first","9":"instock","10":"taxable","11":"shipping-taxable","12":"purchasable","13":"product-type-simple"},"_links":{"self":[{"href":"https:\/\/www.workman.se\/shop-west\/wp-json\/wp\/v2\/product\/3159","targetHints":{"allow":["GET"]}}],"collection":[{"href":"https:\/\/www.workman.se\/shop-west\/wp-json\/wp\/v2\/product"}],"about":[{"href":"https:\/\/www.workman.se\/shop-west\/wp-json\/wp\/v2\/types\/product"}],"wp:featuredmedia":[{"embeddable":true,"href":"https:\/\/www.workman.se\/shop-west\/wp-json\/wp\/v2\/media\/464"}],"wp:attachment":[{"href":"https:\/\/www.workman.se\/shop-west\/wp-json\/wp\/v2\/media?parent=3159"}],"wp:term":[{"taxonomy":"product_brand","embeddable":true,"href":"https:\/\/www.workman.se\/shop-west\/wp-json\/wp\/v2\/product_brand?post=3159"},{"taxonomy":"product_cat","embeddable":true,"href":"https:\/\/www.workman.se\/shop-west\/wp-json\/wp\/v2\/product_cat?post=3159"},{"taxonomy":"product_tag","embeddable":true,"href":"https:\/\/www.workman.se\/shop-west\/wp-json\/wp\/v2\/product_tag?post=3159"}],"curies":[{"name":"wp","href":"https:\/\/api.w.org\/{rel}","templated":true}]}}