{"id":3198,"date":"2018-03-18T13:17:02","date_gmt":"2018-03-18T12:17:02","guid":{"rendered":"https:\/\/www.workman.se\/shop-west\/produkt\/roll-up-skylt-85x200cm-850x2000mm\/"},"modified":"2018-03-18T13:17:02","modified_gmt":"2018-03-18T12:17:02","slug":"roll-up-skylt-85x200cm-850x2000mm","status":"publish","type":"product","link":"https:\/\/www.workman.se\/shop-west\/produkt\/roll-up-skylt-85x200cm-850x2000mm\/","title":{"rendered":"Roll-Up Skylt, 85x200cm (850x2000mm)"},"content":{"rendered":"<p>Pris inkl. st\u00e4llning och logotype. Priset f\u00f6ruts\u00e4tter tryckf\u00e4rdigt digitalt underlag. Bredd 85 cm och h\u00f6jd 200 cm.<\/p>\n","protected":false},"excerpt":{"rendered":"<p>Pris inkl. st\u00e4llning och logotype. Priset f\u00f6ruts\u00e4tter tryckf\u00e4rdigt digitalt underlag. Bredd 85 cm och h\u00f6jd 200 cm.<\/p>\n","protected":false},"featured_media":584,"template":"","meta":[],"product_brand":[],"product_cat":[1765],"product_tag":[],"class_list":{"0":"post-3198","1":"product","2":"type-product","3":"status-publish","4":"has-post-thumbnail","6":"product_cat-roll-up","8":"first","9":"instock","10":"taxable","11":"shipping-taxable","12":"purchasable","13":"product-type-simple"},"_links":{"self":[{"href":"https:\/\/www.workman.se\/shop-west\/wp-json\/wp\/v2\/product\/3198","targetHints":{"allow":["GET"]}}],"collection":[{"href":"https:\/\/www.workman.se\/shop-west\/wp-json\/wp\/v2\/product"}],"about":[{"href":"https:\/\/www.workman.se\/shop-west\/wp-json\/wp\/v2\/types\/product"}],"wp:featuredmedia":[{"embeddable":true,"href":"https:\/\/www.workman.se\/shop-west\/wp-json\/wp\/v2\/media\/584"}],"wp:attachment":[{"href":"https:\/\/www.workman.se\/shop-west\/wp-json\/wp\/v2\/media?parent=3198"}],"wp:term":[{"taxonomy":"product_brand","embeddable":true,"href":"https:\/\/www.workman.se\/shop-west\/wp-json\/wp\/v2\/product_brand?post=3198"},{"taxonomy":"product_cat","embeddable":true,"href":"https:\/\/www.workman.se\/shop-west\/wp-json\/wp\/v2\/product_cat?post=3198"},{"taxonomy":"product_tag","embeddable":true,"href":"https:\/\/www.workman.se\/shop-west\/wp-json\/wp\/v2\/product_tag?post=3198"}],"curies":[{"name":"wp","href":"https:\/\/api.w.org\/{rel}","templated":true}]}}