{"id":3257,"date":"2018-03-18T13:17:33","date_gmt":"2018-03-18T12:17:33","guid":{"rendered":"https:\/\/www.workman.se\/shop-west\/produkt\/fondtyg-380-m-hoga-finns-i-svart-ovriga-farger-bestallningsvara\/"},"modified":"2021-10-19T09:13:56","modified_gmt":"2021-10-19T07:13:56","slug":"fondtyg-finns-i-svart-ovriga-farger-bestallningsvara","status":"publish","type":"product","link":"https:\/\/www.workman.se\/shop-west\/produkt\/fondtyg-finns-i-svart-ovriga-farger-bestallningsvara\/","title":{"rendered":"Fondtyg &#8211; Finns i Svart. \u00d6vriga f\u00e4rger best\u00e4llningsvara."},"content":{"rendered":"","protected":false},"excerpt":{"rendered":"<p>Endast offert<br \/>\nKontakta <a href=\"mailto:monterservice@goteborg.workman.se\">monterservice@goteborg.workman.se<\/a><\/p>\n","protected":false},"featured_media":754,"template":"","meta":[],"product_brand":[],"product_cat":[1810],"product_tag":[],"class_list":{"0":"post-3257","1":"product","2":"type-product","3":"status-publish","4":"has-post-thumbnail","6":"product_cat-fonder","8":"first","9":"instock","10":"taxable","11":"shipping-taxable","12":"product-type-simple"},"_links":{"self":[{"href":"https:\/\/www.workman.se\/shop-west\/wp-json\/wp\/v2\/product\/3257","targetHints":{"allow":["GET"]}}],"collection":[{"href":"https:\/\/www.workman.se\/shop-west\/wp-json\/wp\/v2\/product"}],"about":[{"href":"https:\/\/www.workman.se\/shop-west\/wp-json\/wp\/v2\/types\/product"}],"wp:featuredmedia":[{"embeddable":true,"href":"https:\/\/www.workman.se\/shop-west\/wp-json\/wp\/v2\/media\/754"}],"wp:attachment":[{"href":"https:\/\/www.workman.se\/shop-west\/wp-json\/wp\/v2\/media?parent=3257"}],"wp:term":[{"taxonomy":"product_brand","embeddable":true,"href":"https:\/\/www.workman.se\/shop-west\/wp-json\/wp\/v2\/product_brand?post=3257"},{"taxonomy":"product_cat","embeddable":true,"href":"https:\/\/www.workman.se\/shop-west\/wp-json\/wp\/v2\/product_cat?post=3257"},{"taxonomy":"product_tag","embeddable":true,"href":"https:\/\/www.workman.se\/shop-west\/wp-json\/wp\/v2\/product_tag?post=3257"}],"curies":[{"name":"wp","href":"https:\/\/api.w.org\/{rel}","templated":true}]}}