{"id":3299,"date":"2018-03-18T13:17:52","date_gmt":"2018-03-18T12:17:52","guid":{"rendered":"https:\/\/www.workman.se\/shop-west\/produkt\/hojdexponering-kontrollera-att-sadan-far-ske-boka-i-god-tid\/"},"modified":"2018-06-21T13:55:12","modified_gmt":"2018-06-21T11:55:12","slug":"hojdexponering-kontrollera-att-sadan-far-ske-boka-i-god-tid","status":"publish","type":"product","link":"https:\/\/www.workman.se\/shop-west\/produkt\/hojdexponering-kontrollera-att-sadan-far-ske-boka-i-god-tid\/","title":{"rendered":"H\u00f6jdexponering &#8211; kontrollera att s\u00e5dan f\u00e5r ske&#8230;  Boka i god tid!"},"content":{"rendered":"<p>Det innefattar all monterbyggnation och exponering som t.ex banners, vepor, skyltar, \u00f6vrig exponering som sker \u00f6ver 2,5 meters h\u00f6jd.OBS! P\u00e5 vissa m\u00e4ssor till\u00e5ts ingen H\u00f6jdexponering alls!<\/p>\n","protected":false},"excerpt":{"rendered":"<p>Det innefattar all monterbyggnation och exponering som t.ex banners, vepor, skyltar, \u00f6vrig exponering som sker \u00f6ver 2,5 meters h\u00f6jd.OBS! P\u00e5 vissa m\u00e4ssor till\u00e5ts ingen H\u00f6jdexponering alls!<\/p>\n","protected":false},"featured_media":836,"template":"","meta":[],"product_brand":[],"product_cat":[1711],"product_tag":[],"class_list":{"0":"post-3299","1":"product","2":"type-product","3":"status-publish","4":"has-post-thumbnail","6":"product_cat-hojdexponering-byggnation","8":"first","9":"instock","10":"taxable","11":"shipping-taxable","12":"purchasable","13":"product-type-simple"},"_links":{"self":[{"href":"https:\/\/www.workman.se\/shop-west\/wp-json\/wp\/v2\/product\/3299","targetHints":{"allow":["GET"]}}],"collection":[{"href":"https:\/\/www.workman.se\/shop-west\/wp-json\/wp\/v2\/product"}],"about":[{"href":"https:\/\/www.workman.se\/shop-west\/wp-json\/wp\/v2\/types\/product"}],"wp:featuredmedia":[{"embeddable":true,"href":"https:\/\/www.workman.se\/shop-west\/wp-json\/wp\/v2\/media\/836"}],"wp:attachment":[{"href":"https:\/\/www.workman.se\/shop-west\/wp-json\/wp\/v2\/media?parent=3299"}],"wp:term":[{"taxonomy":"product_brand","embeddable":true,"href":"https:\/\/www.workman.se\/shop-west\/wp-json\/wp\/v2\/product_brand?post=3299"},{"taxonomy":"product_cat","embeddable":true,"href":"https:\/\/www.workman.se\/shop-west\/wp-json\/wp\/v2\/product_cat?post=3299"},{"taxonomy":"product_tag","embeddable":true,"href":"https:\/\/www.workman.se\/shop-west\/wp-json\/wp\/v2\/product_tag?post=3299"}],"curies":[{"name":"wp","href":"https:\/\/api.w.org\/{rel}","templated":true}]}}